{"id":2509,"date":"2017-06-01T10:20:41","date_gmt":"2017-06-01T09:20:41","guid":{"rendered":"http:\/\/springbok-kart.com\/?post_type=product&#038;p=2509"},"modified":"2019-04-08T13:02:16","modified_gmt":"2019-04-08T12:02:16","slug":"sonde-de-temperature-radiateur","status":"publish","type":"product","link":"http:\/\/springbok-kart.com\/?product=sonde-de-temperature-radiateur","title":{"rendered":"Sonde de temp\u00e9rature radiateur"},"content":{"rendered":"<p>Sonde de temp\u00e9rature \u00e0 poser sur le radiateur d&rsquo;eau du moteur \u00e0 tester.<\/p>\n<p>Possibilit\u00e9 de placer une sonde en partie haute du radiateur et une seconde sonde en partie basse du radiateur.<\/p>\n<p>Largeur max du radiateur 45mm (convient pour Rotax)<\/p>\n<p>Se raccorde directement en fa\u00e7ade de l\u2019interface SP1 ou SP5<\/p>\n<p>Longueur du c\u00e2ble 3 m\u00e8tres.<\/p>\n","protected":false},"excerpt":{"rendered":"<p>Sonde de temp\u00e9rature \u00e0 poser sur le radiateur d&rsquo;eau du moteur \u00e0 tester. Possibilit\u00e9 de placer une sonde en partie haute du radiateur et une seconde sonde en partie basse du radiateur. Largeur max du radiateur 45mm (convient pour Rotax) &hellip; <a href=\"http:\/\/springbok-kart.com\/?product=sonde-de-temperature-radiateur\">Continuer la lecture <span class=\"meta-nav\">&rarr;<\/span><\/a><\/p>\n","protected":false},"featured_media":2501,"comment_status":"open","ping_status":"closed","template":"","meta":{"sfsi_plus_gutenberg_text_before_share":"","sfsi_plus_gutenberg_show_text_before_share":"","sfsi_plus_gutenberg_icon_type":"","sfsi_plus_gutenberg_icon_alignemt":"","sfsi_plus_gutenburg_max_per_row":"","_monsterinsights_skip_tracking":false,"_monsterinsights_sitenote_active":false,"_monsterinsights_sitenote_note":"","_monsterinsights_sitenote_category":0},"product_brand":[],"product_cat":[67],"product_tag":[],"class_list":{"0":"post-2509","1":"product","2":"type-product","3":"status-publish","4":"has-post-thumbnail","6":"product_cat-sondes","8":"first","9":"instock","10":"taxable","11":"shipping-taxable","12":"purchasable","13":"product-type-simple"},"yoast_head":"<!-- This site is optimized with the Yoast SEO plugin v27.5 - https:\/\/yoast.com\/product\/yoast-seo-wordpress\/ -->\n<title>Sonde de temp\u00e9rature radiateur - Springbok kart<\/title>\n<meta name=\"robots\" content=\"index, follow, max-snippet:-1, max-image-preview:large, max-video-preview:-1\" \/>\n<link rel=\"canonical\" href=\"http:\/\/springbok-kart.com\/?product=sonde-de-temperature-radiateur\" \/>\n<meta property=\"og:locale\" content=\"fr_FR\" \/>\n<meta property=\"og:type\" content=\"article\" \/>\n<meta property=\"og:title\" content=\"Sonde de temp\u00e9rature radiateur - Springbok kart\" \/>\n<meta property=\"og:description\" content=\"Sonde de temp\u00e9rature \u00e0 poser sur le radiateur d&rsquo;eau du moteur \u00e0 tester. Possibilit\u00e9 de placer une sonde en partie haute du radiateur et une seconde sonde en partie basse du radiateur. Largeur max du radiateur 45mm (convient pour Rotax) &hellip; Continuer la lecture &rarr;\" \/>\n<meta property=\"og:url\" content=\"http:\/\/springbok-kart.com\/?product=sonde-de-temperature-radiateur\" \/>\n<meta property=\"og:site_name\" content=\"Springbok kart\" \/>\n<meta property=\"article:modified_time\" content=\"2019-04-08T12:02:16+00:00\" \/>\n<meta property=\"og:image\" content=\"http:\/\/springbok-kart.com\/wp-content\/uploads\/2017\/06\/Springbok-kart25.jpg\" \/>\n\t<meta property=\"og:image:width\" content=\"1024\" \/>\n\t<meta property=\"og:image:height\" content=\"678\" \/>\n\t<meta property=\"og:image:type\" content=\"image\/jpeg\" \/>\n<meta name=\"twitter:card\" content=\"summary_large_image\" \/>\n<script type=\"application\/ld+json\" class=\"yoast-schema-graph\">{\"@context\":\"https:\\\/\\\/schema.org\",\"@graph\":[{\"@type\":\"WebPage\",\"@id\":\"http:\\\/\\\/springbok-kart.com\\\/?product=sonde-de-temperature-radiateur\",\"url\":\"http:\\\/\\\/springbok-kart.com\\\/?product=sonde-de-temperature-radiateur\",\"name\":\"Sonde de temp\u00e9rature radiateur - Springbok kart\",\"isPartOf\":{\"@id\":\"https:\\\/\\\/springbok-kart.com\\\/#website\"},\"primaryImageOfPage\":{\"@id\":\"http:\\\/\\\/springbok-kart.com\\\/?product=sonde-de-temperature-radiateur#primaryimage\"},\"image\":{\"@id\":\"http:\\\/\\\/springbok-kart.com\\\/?product=sonde-de-temperature-radiateur#primaryimage\"},\"thumbnailUrl\":\"http:\\\/\\\/springbok-kart.com\\\/wp-content\\\/uploads\\\/2017\\\/06\\\/Springbok-kart25.jpg\",\"datePublished\":\"2017-06-01T09:20:41+00:00\",\"dateModified\":\"2019-04-08T12:02:16+00:00\",\"breadcrumb\":{\"@id\":\"http:\\\/\\\/springbok-kart.com\\\/?product=sonde-de-temperature-radiateur#breadcrumb\"},\"inLanguage\":\"fr-FR\",\"potentialAction\":[{\"@type\":\"ReadAction\",\"target\":[\"http:\\\/\\\/springbok-kart.com\\\/?product=sonde-de-temperature-radiateur\"]}]},{\"@type\":\"ImageObject\",\"inLanguage\":\"fr-FR\",\"@id\":\"http:\\\/\\\/springbok-kart.com\\\/?product=sonde-de-temperature-radiateur#primaryimage\",\"url\":\"http:\\\/\\\/springbok-kart.com\\\/wp-content\\\/uploads\\\/2017\\\/06\\\/Springbok-kart25.jpg\",\"contentUrl\":\"http:\\\/\\\/springbok-kart.com\\\/wp-content\\\/uploads\\\/2017\\\/06\\\/Springbok-kart25.jpg\",\"width\":1024,\"height\":678},{\"@type\":\"BreadcrumbList\",\"@id\":\"http:\\\/\\\/springbok-kart.com\\\/?product=sonde-de-temperature-radiateur#breadcrumb\",\"itemListElement\":[{\"@type\":\"ListItem\",\"position\":1,\"name\":\"Accueil\",\"item\":\"https:\\\/\\\/springbok-kart.com\\\/\"},{\"@type\":\"ListItem\",\"position\":2,\"name\":\"Achat de composants pour votre banc de puissance\",\"item\":\"https:\\\/\\\/springbok-kart.com\\\/?page_id=2437\"},{\"@type\":\"ListItem\",\"position\":3,\"name\":\"Sonde de temp\u00e9rature radiateur\"}]},{\"@type\":\"WebSite\",\"@id\":\"https:\\\/\\\/springbok-kart.com\\\/#website\",\"url\":\"https:\\\/\\\/springbok-kart.com\\\/\",\"name\":\"Springbok kart\",\"description\":\"\",\"publisher\":{\"@id\":\"https:\\\/\\\/springbok-kart.com\\\/#organization\"},\"potentialAction\":[{\"@type\":\"SearchAction\",\"target\":{\"@type\":\"EntryPoint\",\"urlTemplate\":\"https:\\\/\\\/springbok-kart.com\\\/?s={search_term_string}\"},\"query-input\":{\"@type\":\"PropertyValueSpecification\",\"valueRequired\":true,\"valueName\":\"search_term_string\"}}],\"inLanguage\":\"fr-FR\"},{\"@type\":\"Organization\",\"@id\":\"https:\\\/\\\/springbok-kart.com\\\/#organization\",\"name\":\"Springbok kart\",\"url\":\"https:\\\/\\\/springbok-kart.com\\\/\",\"logo\":{\"@type\":\"ImageObject\",\"inLanguage\":\"fr-FR\",\"@id\":\"https:\\\/\\\/springbok-kart.com\\\/#\\\/schema\\\/logo\\\/image\\\/\",\"url\":\"https:\\\/\\\/springbok-kart.com\\\/wp-content\\\/uploads\\\/2016\\\/01\\\/Montage-bleu_747x954.png\",\"contentUrl\":\"https:\\\/\\\/springbok-kart.com\\\/wp-content\\\/uploads\\\/2016\\\/01\\\/Montage-bleu_747x954.png\",\"width\":747,\"height\":954,\"caption\":\"Springbok kart\"},\"image\":{\"@id\":\"https:\\\/\\\/springbok-kart.com\\\/#\\\/schema\\\/logo\\\/image\\\/\"}}]}<\/script>\n<!-- \/ Yoast SEO plugin. -->","yoast_head_json":{"title":"Sonde de temp\u00e9rature radiateur - Springbok kart","robots":{"index":"index","follow":"follow","max-snippet":"max-snippet:-1","max-image-preview":"max-image-preview:large","max-video-preview":"max-video-preview:-1"},"canonical":"http:\/\/springbok-kart.com\/?product=sonde-de-temperature-radiateur","og_locale":"fr_FR","og_type":"article","og_title":"Sonde de temp\u00e9rature radiateur - Springbok kart","og_description":"Sonde de temp\u00e9rature \u00e0 poser sur le radiateur d&rsquo;eau du moteur \u00e0 tester. Possibilit\u00e9 de placer une sonde en partie haute du radiateur et une seconde sonde en partie basse du radiateur. Largeur max du radiateur 45mm (convient pour Rotax) &hellip; Continuer la lecture &rarr;","og_url":"http:\/\/springbok-kart.com\/?product=sonde-de-temperature-radiateur","og_site_name":"Springbok kart","article_modified_time":"2019-04-08T12:02:16+00:00","og_image":[{"width":1024,"height":678,"url":"http:\/\/springbok-kart.com\/wp-content\/uploads\/2017\/06\/Springbok-kart25.jpg","type":"image\/jpeg"}],"twitter_card":"summary_large_image","schema":{"@context":"https:\/\/schema.org","@graph":[{"@type":"WebPage","@id":"http:\/\/springbok-kart.com\/?product=sonde-de-temperature-radiateur","url":"http:\/\/springbok-kart.com\/?product=sonde-de-temperature-radiateur","name":"Sonde de temp\u00e9rature radiateur - Springbok kart","isPartOf":{"@id":"https:\/\/springbok-kart.com\/#website"},"primaryImageOfPage":{"@id":"http:\/\/springbok-kart.com\/?product=sonde-de-temperature-radiateur#primaryimage"},"image":{"@id":"http:\/\/springbok-kart.com\/?product=sonde-de-temperature-radiateur#primaryimage"},"thumbnailUrl":"http:\/\/springbok-kart.com\/wp-content\/uploads\/2017\/06\/Springbok-kart25.jpg","datePublished":"2017-06-01T09:20:41+00:00","dateModified":"2019-04-08T12:02:16+00:00","breadcrumb":{"@id":"http:\/\/springbok-kart.com\/?product=sonde-de-temperature-radiateur#breadcrumb"},"inLanguage":"fr-FR","potentialAction":[{"@type":"ReadAction","target":["http:\/\/springbok-kart.com\/?product=sonde-de-temperature-radiateur"]}]},{"@type":"ImageObject","inLanguage":"fr-FR","@id":"http:\/\/springbok-kart.com\/?product=sonde-de-temperature-radiateur#primaryimage","url":"http:\/\/springbok-kart.com\/wp-content\/uploads\/2017\/06\/Springbok-kart25.jpg","contentUrl":"http:\/\/springbok-kart.com\/wp-content\/uploads\/2017\/06\/Springbok-kart25.jpg","width":1024,"height":678},{"@type":"BreadcrumbList","@id":"http:\/\/springbok-kart.com\/?product=sonde-de-temperature-radiateur#breadcrumb","itemListElement":[{"@type":"ListItem","position":1,"name":"Accueil","item":"https:\/\/springbok-kart.com\/"},{"@type":"ListItem","position":2,"name":"Achat de composants pour votre banc de puissance","item":"https:\/\/springbok-kart.com\/?page_id=2437"},{"@type":"ListItem","position":3,"name":"Sonde de temp\u00e9rature radiateur"}]},{"@type":"WebSite","@id":"https:\/\/springbok-kart.com\/#website","url":"https:\/\/springbok-kart.com\/","name":"Springbok kart","description":"","publisher":{"@id":"https:\/\/springbok-kart.com\/#organization"},"potentialAction":[{"@type":"SearchAction","target":{"@type":"EntryPoint","urlTemplate":"https:\/\/springbok-kart.com\/?s={search_term_string}"},"query-input":{"@type":"PropertyValueSpecification","valueRequired":true,"valueName":"search_term_string"}}],"inLanguage":"fr-FR"},{"@type":"Organization","@id":"https:\/\/springbok-kart.com\/#organization","name":"Springbok kart","url":"https:\/\/springbok-kart.com\/","logo":{"@type":"ImageObject","inLanguage":"fr-FR","@id":"https:\/\/springbok-kart.com\/#\/schema\/logo\/image\/","url":"https:\/\/springbok-kart.com\/wp-content\/uploads\/2016\/01\/Montage-bleu_747x954.png","contentUrl":"https:\/\/springbok-kart.com\/wp-content\/uploads\/2016\/01\/Montage-bleu_747x954.png","width":747,"height":954,"caption":"Springbok kart"},"image":{"@id":"https:\/\/springbok-kart.com\/#\/schema\/logo\/image\/"}}]}},"_links":{"self":[{"href":"http:\/\/springbok-kart.com\/index.php?rest_route=\/wp\/v2\/product\/2509","targetHints":{"allow":["GET"]}}],"collection":[{"href":"http:\/\/springbok-kart.com\/index.php?rest_route=\/wp\/v2\/product"}],"about":[{"href":"http:\/\/springbok-kart.com\/index.php?rest_route=\/wp\/v2\/types\/product"}],"replies":[{"embeddable":true,"href":"http:\/\/springbok-kart.com\/index.php?rest_route=%2Fwp%2Fv2%2Fcomments&post=2509"}],"wp:featuredmedia":[{"embeddable":true,"href":"http:\/\/springbok-kart.com\/index.php?rest_route=\/wp\/v2\/media\/2501"}],"wp:attachment":[{"href":"http:\/\/springbok-kart.com\/index.php?rest_route=%2Fwp%2Fv2%2Fmedia&parent=2509"}],"wp:term":[{"taxonomy":"product_brand","embeddable":true,"href":"http:\/\/springbok-kart.com\/index.php?rest_route=%2Fwp%2Fv2%2Fproduct_brand&post=2509"},{"taxonomy":"product_cat","embeddable":true,"href":"http:\/\/springbok-kart.com\/index.php?rest_route=%2Fwp%2Fv2%2Fproduct_cat&post=2509"},{"taxonomy":"product_tag","embeddable":true,"href":"http:\/\/springbok-kart.com\/index.php?rest_route=%2Fwp%2Fv2%2Fproduct_tag&post=2509"}],"curies":[{"name":"wp","href":"https:\/\/api.w.org\/{rel}","templated":true}]}}