{"id":2602,"date":"2018-03-27T15:29:23","date_gmt":"2018-03-27T14:29:23","guid":{"rendered":"http:\/\/springbok-kart.com\/?post_type=product&#038;p=2602"},"modified":"2020-04-20T11:08:07","modified_gmt":"2020-04-20T10:08:07","slug":"alimentation-pour-frein-electrique-pws3-2","status":"publish","type":"product","link":"http:\/\/springbok-kart.com\/?product=alimentation-pour-frein-electrique-pws3-2","title":{"rendered":"Alimentation pour frein \u00e9lectrique  PWS3.2"},"content":{"rendered":"<p><span id=\"result_box\" class=\"\" lang=\"fr\">Livr\u00e9 avec le KIT SP5.<\/span><\/p>\n<p><span id=\"result_box\" class=\"\" lang=\"fr\">L&rsquo;alimentation pour ralentisseur \u00e9lectrique PWS3.2 offre une r\u00e9ponse de freinage tr\u00e8s rapide.<\/span><\/p>\n<ul>\n<li><strong>Tension d&rsquo;alimentation : <\/strong> 230Vac<\/li>\n<li><strong>Fr\u00e9quence :<\/strong> 50-65Hz<\/li>\n<li><strong>Tension de sortie :<\/strong> 50, 75, 100, 200 Vdc<\/li>\n<li><strong>Courant de sotie:<\/strong> 8, 13, 16, 23 A<\/li>\n<li><strong>Signal de controle:<\/strong> PWM (2.4 KHz depuis SP5)<\/li>\n<li><strong><span style=\"color: red;\">(Nouveau)<\/span> Entr\u00e9e:<\/strong> analogique 0 to 5 volt<\/li>\n<li><strong><span style=\"color: red;\">(Nouveau)<\/span> \u00c9cran de contr\u00f4le LCD<br \/>\n<\/strong><\/li>\n<li><strong><span style=\"color: red;\">(Nouveau)<\/span> Bus CAN Contr\u00f4le \/ Retour<\/strong><\/li>\n<li><strong><span style=\"color: red;\">(Nouveau)<\/span> BLUETOOTH T\u00e9l\u00e9m\u00e9trie<\/strong> (option)<\/li>\n<\/ul>\n","protected":false},"excerpt":{"rendered":"<p>Livr\u00e9 avec le KIT SP5. L&rsquo;alimentation pour ralentisseur \u00e9lectrique PWS3.2 offre une r\u00e9ponse de freinage tr\u00e8s rapide. Tension d&rsquo;alimentation : 230Vac Fr\u00e9quence : 50-65Hz Tension de sortie : 50, 75, 100, 200 Vdc Courant de sotie: 8, 13, 16, 23 &hellip; <a href=\"http:\/\/springbok-kart.com\/?product=alimentation-pour-frein-electrique-pws3-2\">Continuer la lecture <span class=\"meta-nav\">&rarr;<\/span><\/a><\/p>\n","protected":false},"featured_media":2603,"comment_status":"closed","ping_status":"closed","template":"","meta":{"sfsi_plus_gutenberg_text_before_share":"","sfsi_plus_gutenberg_show_text_before_share":"","sfsi_plus_gutenberg_icon_type":"","sfsi_plus_gutenberg_icon_alignemt":"","sfsi_plus_gutenburg_max_per_row":"","_monsterinsights_skip_tracking":false,"_monsterinsights_sitenote_active":false,"_monsterinsights_sitenote_note":"","_monsterinsights_sitenote_category":0},"product_brand":[],"product_cat":[69,56],"product_tag":[],"class_list":{"0":"post-2602","1":"product","2":"type-product","3":"status-publish","4":"has-post-thumbnail","6":"product_cat-accessoires-electriques","7":"product_cat-interfaces-pour-banc-de-puissance","9":"first","10":"instock","11":"taxable","12":"shipping-taxable","13":"purchasable","14":"product-type-simple"},"yoast_head":"<!-- This site is optimized with the Yoast SEO plugin v27.5 - https:\/\/yoast.com\/product\/yoast-seo-wordpress\/ -->\n<title>Alimentation pour frein \u00e9lectrique PWS3.2 - Springbok kart<\/title>\n<meta name=\"robots\" content=\"index, follow, max-snippet:-1, max-image-preview:large, max-video-preview:-1\" \/>\n<link rel=\"canonical\" href=\"http:\/\/springbok-kart.com\/?product=alimentation-pour-frein-electrique-pws3-2\" \/>\n<meta property=\"og:locale\" content=\"fr_FR\" \/>\n<meta property=\"og:type\" content=\"article\" \/>\n<meta property=\"og:title\" content=\"Alimentation pour frein \u00e9lectrique PWS3.2 - Springbok kart\" \/>\n<meta property=\"og:description\" content=\"Livr\u00e9 avec le KIT SP5. L&rsquo;alimentation pour ralentisseur \u00e9lectrique PWS3.2 offre une r\u00e9ponse de freinage tr\u00e8s rapide. Tension d&rsquo;alimentation : 230Vac Fr\u00e9quence : 50-65Hz Tension de sortie : 50, 75, 100, 200 Vdc Courant de sotie: 8, 13, 16, 23 &hellip; Continuer la lecture &rarr;\" \/>\n<meta property=\"og:url\" content=\"http:\/\/springbok-kart.com\/?product=alimentation-pour-frein-electrique-pws3-2\" \/>\n<meta property=\"og:site_name\" content=\"Springbok kart\" \/>\n<meta property=\"article:modified_time\" content=\"2020-04-20T10:08:07+00:00\" \/>\n<meta property=\"og:image\" content=\"http:\/\/springbok-kart.com\/wp-content\/uploads\/2018\/03\/Alim_PWS3_2.jpg\" \/>\n\t<meta property=\"og:image:width\" content=\"500\" \/>\n\t<meta property=\"og:image:height\" content=\"564\" \/>\n\t<meta property=\"og:image:type\" content=\"image\/jpeg\" \/>\n<meta name=\"twitter:card\" content=\"summary_large_image\" \/>\n<script type=\"application\/ld+json\" class=\"yoast-schema-graph\">{\"@context\":\"https:\\\/\\\/schema.org\",\"@graph\":[{\"@type\":\"WebPage\",\"@id\":\"http:\\\/\\\/springbok-kart.com\\\/?product=alimentation-pour-frein-electrique-pws3-2\",\"url\":\"http:\\\/\\\/springbok-kart.com\\\/?product=alimentation-pour-frein-electrique-pws3-2\",\"name\":\"Alimentation pour frein \u00e9lectrique PWS3.2 - Springbok kart\",\"isPartOf\":{\"@id\":\"http:\\\/\\\/springbok-kart.com\\\/#website\"},\"primaryImageOfPage\":{\"@id\":\"http:\\\/\\\/springbok-kart.com\\\/?product=alimentation-pour-frein-electrique-pws3-2#primaryimage\"},\"image\":{\"@id\":\"http:\\\/\\\/springbok-kart.com\\\/?product=alimentation-pour-frein-electrique-pws3-2#primaryimage\"},\"thumbnailUrl\":\"http:\\\/\\\/springbok-kart.com\\\/wp-content\\\/uploads\\\/2018\\\/03\\\/Alim_PWS3_2.jpg\",\"datePublished\":\"2018-03-27T14:29:23+00:00\",\"dateModified\":\"2020-04-20T10:08:07+00:00\",\"breadcrumb\":{\"@id\":\"http:\\\/\\\/springbok-kart.com\\\/?product=alimentation-pour-frein-electrique-pws3-2#breadcrumb\"},\"inLanguage\":\"fr-FR\",\"potentialAction\":[{\"@type\":\"ReadAction\",\"target\":[\"http:\\\/\\\/springbok-kart.com\\\/?product=alimentation-pour-frein-electrique-pws3-2\"]}]},{\"@type\":\"ImageObject\",\"inLanguage\":\"fr-FR\",\"@id\":\"http:\\\/\\\/springbok-kart.com\\\/?product=alimentation-pour-frein-electrique-pws3-2#primaryimage\",\"url\":\"http:\\\/\\\/springbok-kart.com\\\/wp-content\\\/uploads\\\/2018\\\/03\\\/Alim_PWS3_2.jpg\",\"contentUrl\":\"http:\\\/\\\/springbok-kart.com\\\/wp-content\\\/uploads\\\/2018\\\/03\\\/Alim_PWS3_2.jpg\",\"width\":500,\"height\":564},{\"@type\":\"BreadcrumbList\",\"@id\":\"http:\\\/\\\/springbok-kart.com\\\/?product=alimentation-pour-frein-electrique-pws3-2#breadcrumb\",\"itemListElement\":[{\"@type\":\"ListItem\",\"position\":1,\"name\":\"Accueil\",\"item\":\"http:\\\/\\\/springbok-kart.com\\\/\"},{\"@type\":\"ListItem\",\"position\":2,\"name\":\"Achat de composants pour votre banc de puissance\",\"item\":\"https:\\\/\\\/springbok-kart.com\\\/?page_id=2437\"},{\"@type\":\"ListItem\",\"position\":3,\"name\":\"Alimentation pour frein \u00e9lectrique PWS3.2\"}]},{\"@type\":\"WebSite\",\"@id\":\"http:\\\/\\\/springbok-kart.com\\\/#website\",\"url\":\"http:\\\/\\\/springbok-kart.com\\\/\",\"name\":\"Springbok kart\",\"description\":\"\",\"publisher\":{\"@id\":\"http:\\\/\\\/springbok-kart.com\\\/#organization\"},\"potentialAction\":[{\"@type\":\"SearchAction\",\"target\":{\"@type\":\"EntryPoint\",\"urlTemplate\":\"http:\\\/\\\/springbok-kart.com\\\/?s={search_term_string}\"},\"query-input\":{\"@type\":\"PropertyValueSpecification\",\"valueRequired\":true,\"valueName\":\"search_term_string\"}}],\"inLanguage\":\"fr-FR\"},{\"@type\":\"Organization\",\"@id\":\"http:\\\/\\\/springbok-kart.com\\\/#organization\",\"name\":\"Springbok kart\",\"url\":\"http:\\\/\\\/springbok-kart.com\\\/\",\"logo\":{\"@type\":\"ImageObject\",\"inLanguage\":\"fr-FR\",\"@id\":\"http:\\\/\\\/springbok-kart.com\\\/#\\\/schema\\\/logo\\\/image\\\/\",\"url\":\"https:\\\/\\\/springbok-kart.com\\\/wp-content\\\/uploads\\\/2016\\\/01\\\/Montage-bleu_747x954.png\",\"contentUrl\":\"https:\\\/\\\/springbok-kart.com\\\/wp-content\\\/uploads\\\/2016\\\/01\\\/Montage-bleu_747x954.png\",\"width\":747,\"height\":954,\"caption\":\"Springbok kart\"},\"image\":{\"@id\":\"http:\\\/\\\/springbok-kart.com\\\/#\\\/schema\\\/logo\\\/image\\\/\"}}]}<\/script>\n<!-- \/ Yoast SEO plugin. -->","yoast_head_json":{"title":"Alimentation pour frein \u00e9lectrique PWS3.2 - Springbok kart","robots":{"index":"index","follow":"follow","max-snippet":"max-snippet:-1","max-image-preview":"max-image-preview:large","max-video-preview":"max-video-preview:-1"},"canonical":"http:\/\/springbok-kart.com\/?product=alimentation-pour-frein-electrique-pws3-2","og_locale":"fr_FR","og_type":"article","og_title":"Alimentation pour frein \u00e9lectrique PWS3.2 - Springbok kart","og_description":"Livr\u00e9 avec le KIT SP5. L&rsquo;alimentation pour ralentisseur \u00e9lectrique PWS3.2 offre une r\u00e9ponse de freinage tr\u00e8s rapide. Tension d&rsquo;alimentation : 230Vac Fr\u00e9quence : 50-65Hz Tension de sortie : 50, 75, 100, 200 Vdc Courant de sotie: 8, 13, 16, 23 &hellip; Continuer la lecture &rarr;","og_url":"http:\/\/springbok-kart.com\/?product=alimentation-pour-frein-electrique-pws3-2","og_site_name":"Springbok kart","article_modified_time":"2020-04-20T10:08:07+00:00","og_image":[{"width":500,"height":564,"url":"http:\/\/springbok-kart.com\/wp-content\/uploads\/2018\/03\/Alim_PWS3_2.jpg","type":"image\/jpeg"}],"twitter_card":"summary_large_image","schema":{"@context":"https:\/\/schema.org","@graph":[{"@type":"WebPage","@id":"http:\/\/springbok-kart.com\/?product=alimentation-pour-frein-electrique-pws3-2","url":"http:\/\/springbok-kart.com\/?product=alimentation-pour-frein-electrique-pws3-2","name":"Alimentation pour frein \u00e9lectrique PWS3.2 - Springbok kart","isPartOf":{"@id":"http:\/\/springbok-kart.com\/#website"},"primaryImageOfPage":{"@id":"http:\/\/springbok-kart.com\/?product=alimentation-pour-frein-electrique-pws3-2#primaryimage"},"image":{"@id":"http:\/\/springbok-kart.com\/?product=alimentation-pour-frein-electrique-pws3-2#primaryimage"},"thumbnailUrl":"http:\/\/springbok-kart.com\/wp-content\/uploads\/2018\/03\/Alim_PWS3_2.jpg","datePublished":"2018-03-27T14:29:23+00:00","dateModified":"2020-04-20T10:08:07+00:00","breadcrumb":{"@id":"http:\/\/springbok-kart.com\/?product=alimentation-pour-frein-electrique-pws3-2#breadcrumb"},"inLanguage":"fr-FR","potentialAction":[{"@type":"ReadAction","target":["http:\/\/springbok-kart.com\/?product=alimentation-pour-frein-electrique-pws3-2"]}]},{"@type":"ImageObject","inLanguage":"fr-FR","@id":"http:\/\/springbok-kart.com\/?product=alimentation-pour-frein-electrique-pws3-2#primaryimage","url":"http:\/\/springbok-kart.com\/wp-content\/uploads\/2018\/03\/Alim_PWS3_2.jpg","contentUrl":"http:\/\/springbok-kart.com\/wp-content\/uploads\/2018\/03\/Alim_PWS3_2.jpg","width":500,"height":564},{"@type":"BreadcrumbList","@id":"http:\/\/springbok-kart.com\/?product=alimentation-pour-frein-electrique-pws3-2#breadcrumb","itemListElement":[{"@type":"ListItem","position":1,"name":"Accueil","item":"http:\/\/springbok-kart.com\/"},{"@type":"ListItem","position":2,"name":"Achat de composants pour votre banc de puissance","item":"https:\/\/springbok-kart.com\/?page_id=2437"},{"@type":"ListItem","position":3,"name":"Alimentation pour frein \u00e9lectrique PWS3.2"}]},{"@type":"WebSite","@id":"http:\/\/springbok-kart.com\/#website","url":"http:\/\/springbok-kart.com\/","name":"Springbok kart","description":"","publisher":{"@id":"http:\/\/springbok-kart.com\/#organization"},"potentialAction":[{"@type":"SearchAction","target":{"@type":"EntryPoint","urlTemplate":"http:\/\/springbok-kart.com\/?s={search_term_string}"},"query-input":{"@type":"PropertyValueSpecification","valueRequired":true,"valueName":"search_term_string"}}],"inLanguage":"fr-FR"},{"@type":"Organization","@id":"http:\/\/springbok-kart.com\/#organization","name":"Springbok kart","url":"http:\/\/springbok-kart.com\/","logo":{"@type":"ImageObject","inLanguage":"fr-FR","@id":"http:\/\/springbok-kart.com\/#\/schema\/logo\/image\/","url":"https:\/\/springbok-kart.com\/wp-content\/uploads\/2016\/01\/Montage-bleu_747x954.png","contentUrl":"https:\/\/springbok-kart.com\/wp-content\/uploads\/2016\/01\/Montage-bleu_747x954.png","width":747,"height":954,"caption":"Springbok kart"},"image":{"@id":"http:\/\/springbok-kart.com\/#\/schema\/logo\/image\/"}}]}},"_links":{"self":[{"href":"http:\/\/springbok-kart.com\/index.php?rest_route=\/wp\/v2\/product\/2602","targetHints":{"allow":["GET"]}}],"collection":[{"href":"http:\/\/springbok-kart.com\/index.php?rest_route=\/wp\/v2\/product"}],"about":[{"href":"http:\/\/springbok-kart.com\/index.php?rest_route=\/wp\/v2\/types\/product"}],"replies":[{"embeddable":true,"href":"http:\/\/springbok-kart.com\/index.php?rest_route=%2Fwp%2Fv2%2Fcomments&post=2602"}],"wp:featuredmedia":[{"embeddable":true,"href":"http:\/\/springbok-kart.com\/index.php?rest_route=\/wp\/v2\/media\/2603"}],"wp:attachment":[{"href":"http:\/\/springbok-kart.com\/index.php?rest_route=%2Fwp%2Fv2%2Fmedia&parent=2602"}],"wp:term":[{"taxonomy":"product_brand","embeddable":true,"href":"http:\/\/springbok-kart.com\/index.php?rest_route=%2Fwp%2Fv2%2Fproduct_brand&post=2602"},{"taxonomy":"product_cat","embeddable":true,"href":"http:\/\/springbok-kart.com\/index.php?rest_route=%2Fwp%2Fv2%2Fproduct_cat&post=2602"},{"taxonomy":"product_tag","embeddable":true,"href":"http:\/\/springbok-kart.com\/index.php?rest_route=%2Fwp%2Fv2%2Fproduct_tag&post=2602"}],"curies":[{"name":"wp","href":"https:\/\/api.w.org\/{rel}","templated":true}]}}