{"id":2802,"date":"2021-05-26T13:00:40","date_gmt":"2021-05-26T12:00:40","guid":{"rendered":"http:\/\/springbok-kart.com\/?post_type=product&#038;p=2802"},"modified":"2022-09-12T08:16:13","modified_gmt":"2022-09-12T07:16:13","slug":"analyser-damortisseurs-daq","status":"publish","type":"product","link":"http:\/\/springbok-kart.com\/?product=analyser-damortisseurs-daq","title":{"rendered":"Analyser d&rsquo;amortisseurs DAQ"},"content":{"rendered":"<p>Kit comprenant<\/p>\n<ul>\n<li>1 boitier \u00e9lectronique d&rsquo;interface entre le banc et votre ordinateur<\/li>\n<li>1 potentiom\u00e8tre de r\u00e9glage t\u00e9l\u00e9commande \u00e0 fil<\/li>\n<li>1 jauge de contrainte de 1000 kg (mesure de l&rsquo;effort)<\/li>\n<li>1 CD pour le logiciel<\/li>\n<li>C\u00e2bles de raccordement<\/li>\n<\/ul>\n<p>Ce Kit permet d&rsquo;\u00e9quiper \u00e0 moindre co\u00fbt un banc de test pour les amortisseurs<\/p>\n<p>Caract\u00e9ristiques principales:<\/p>\n<ul>\n<li>Acquisition de donn\u00e9es en temps r\u00e9el avec n&rsquo;importe quel ordinateur<\/li>\n<li>Enregistrement de la vitesse, de la force et de la temp\u00e9rature de l&rsquo;amortisseur.<\/li>\n<li>Multi-vitesse: le moteur de votre banc est entra\u00een\u00e9 par un variateur (en option) pour enregistrer les caract\u00e9ristiques de l&rsquo;amortisseur \u00e0 plusieurs vitesses<\/li>\n<li>Multi-test: plusieurs tests peuvent \u00eatre enregistr\u00e9s ou charg\u00e9s<\/li>\n<\/ul>\n<p>Attention ce kit n\u2019inclut pas le banc m\u00e9canique de test ni le dispositif d&rsquo;entrainement ni le variateur de vitesse.<\/p>\n","protected":false},"excerpt":{"rendered":"<p>Kit comprenant 1 boitier \u00e9lectronique d&rsquo;interface entre le banc et votre ordinateur 1 potentiom\u00e8tre de r\u00e9glage t\u00e9l\u00e9commande \u00e0 fil 1 jauge de contrainte de 1000 kg (mesure de l&rsquo;effort) 1 CD pour le logiciel C\u00e2bles de raccordement Ce Kit permet &hellip; <a href=\"http:\/\/springbok-kart.com\/?product=analyser-damortisseurs-daq\">Continuer la lecture <span class=\"meta-nav\">&rarr;<\/span><\/a><\/p>\n","protected":false},"featured_media":2805,"comment_status":"open","ping_status":"closed","template":"","meta":{"sfsi_plus_gutenberg_text_before_share":"","sfsi_plus_gutenberg_show_text_before_share":"","sfsi_plus_gutenberg_icon_type":"","sfsi_plus_gutenberg_icon_alignemt":"","sfsi_plus_gutenburg_max_per_row":"","_monsterinsights_skip_tracking":false,"_monsterinsights_sitenote_active":false,"_monsterinsights_sitenote_note":"","_monsterinsights_sitenote_category":0},"product_brand":[],"product_cat":[66],"product_tag":[],"class_list":{"0":"post-2802","1":"product","2":"type-product","3":"status-publish","4":"has-post-thumbnail","6":"product_cat-dac","8":"first","9":"instock","10":"taxable","11":"shipping-taxable","12":"purchasable","13":"product-type-simple"},"yoast_head":"<!-- This site is optimized with the Yoast SEO plugin v27.5 - https:\/\/yoast.com\/product\/yoast-seo-wordpress\/ -->\n<title>Analyser d&#039;amortisseurs DAQ - Springbok kart<\/title>\n<meta name=\"robots\" content=\"index, follow, max-snippet:-1, max-image-preview:large, max-video-preview:-1\" \/>\n<link rel=\"canonical\" href=\"http:\/\/springbok-kart.com\/?product=analyser-damortisseurs-daq\" \/>\n<meta property=\"og:locale\" content=\"fr_FR\" \/>\n<meta property=\"og:type\" content=\"article\" \/>\n<meta property=\"og:title\" content=\"Analyser d&#039;amortisseurs DAQ - Springbok kart\" \/>\n<meta property=\"og:description\" content=\"Kit comprenant 1 boitier \u00e9lectronique d&rsquo;interface entre le banc et votre ordinateur 1 potentiom\u00e8tre de r\u00e9glage t\u00e9l\u00e9commande \u00e0 fil 1 jauge de contrainte de 1000 kg (mesure de l&rsquo;effort) 1 CD pour le logiciel C\u00e2bles de raccordement Ce Kit permet &hellip; Continuer la lecture &rarr;\" \/>\n<meta property=\"og:url\" content=\"http:\/\/springbok-kart.com\/?product=analyser-damortisseurs-daq\" \/>\n<meta property=\"og:site_name\" content=\"Springbok kart\" \/>\n<meta property=\"article:modified_time\" content=\"2022-09-12T07:16:13+00:00\" \/>\n<meta property=\"og:image\" content=\"http:\/\/springbok-kart.com\/wp-content\/uploads\/2021\/05\/Shock_prod.jpg\" \/>\n\t<meta property=\"og:image:width\" content=\"600\" \/>\n\t<meta property=\"og:image:height\" content=\"284\" \/>\n\t<meta property=\"og:image:type\" content=\"image\/jpeg\" \/>\n<meta name=\"twitter:card\" content=\"summary_large_image\" \/>\n<meta name=\"twitter:label1\" content=\"Dur\u00e9e de lecture estim\u00e9e\" \/>\n\t<meta name=\"twitter:data1\" content=\"1 minute\" \/>\n<script type=\"application\/ld+json\" class=\"yoast-schema-graph\">{\"@context\":\"https:\\\/\\\/schema.org\",\"@graph\":[{\"@type\":\"WebPage\",\"@id\":\"http:\\\/\\\/springbok-kart.com\\\/?product=analyser-damortisseurs-daq\",\"url\":\"http:\\\/\\\/springbok-kart.com\\\/?product=analyser-damortisseurs-daq\",\"name\":\"Analyser d'amortisseurs DAQ - Springbok kart\",\"isPartOf\":{\"@id\":\"http:\\\/\\\/springbok-kart.com\\\/#website\"},\"primaryImageOfPage\":{\"@id\":\"http:\\\/\\\/springbok-kart.com\\\/?product=analyser-damortisseurs-daq#primaryimage\"},\"image\":{\"@id\":\"http:\\\/\\\/springbok-kart.com\\\/?product=analyser-damortisseurs-daq#primaryimage\"},\"thumbnailUrl\":\"http:\\\/\\\/springbok-kart.com\\\/wp-content\\\/uploads\\\/2021\\\/05\\\/Shock_prod.jpg\",\"datePublished\":\"2021-05-26T12:00:40+00:00\",\"dateModified\":\"2022-09-12T07:16:13+00:00\",\"breadcrumb\":{\"@id\":\"http:\\\/\\\/springbok-kart.com\\\/?product=analyser-damortisseurs-daq#breadcrumb\"},\"inLanguage\":\"fr-FR\",\"potentialAction\":[{\"@type\":\"ReadAction\",\"target\":[\"http:\\\/\\\/springbok-kart.com\\\/?product=analyser-damortisseurs-daq\"]}]},{\"@type\":\"ImageObject\",\"inLanguage\":\"fr-FR\",\"@id\":\"http:\\\/\\\/springbok-kart.com\\\/?product=analyser-damortisseurs-daq#primaryimage\",\"url\":\"http:\\\/\\\/springbok-kart.com\\\/wp-content\\\/uploads\\\/2021\\\/05\\\/Shock_prod.jpg\",\"contentUrl\":\"http:\\\/\\\/springbok-kart.com\\\/wp-content\\\/uploads\\\/2021\\\/05\\\/Shock_prod.jpg\",\"width\":600,\"height\":284},{\"@type\":\"BreadcrumbList\",\"@id\":\"http:\\\/\\\/springbok-kart.com\\\/?product=analyser-damortisseurs-daq#breadcrumb\",\"itemListElement\":[{\"@type\":\"ListItem\",\"position\":1,\"name\":\"Accueil\",\"item\":\"http:\\\/\\\/springbok-kart.com\\\/\"},{\"@type\":\"ListItem\",\"position\":2,\"name\":\"Achat de composants pour votre banc de puissance\",\"item\":\"https:\\\/\\\/springbok-kart.com\\\/?page_id=2437\"},{\"@type\":\"ListItem\",\"position\":3,\"name\":\"Analyser d&rsquo;amortisseurs DAQ\"}]},{\"@type\":\"WebSite\",\"@id\":\"http:\\\/\\\/springbok-kart.com\\\/#website\",\"url\":\"http:\\\/\\\/springbok-kart.com\\\/\",\"name\":\"Springbok kart\",\"description\":\"\",\"publisher\":{\"@id\":\"http:\\\/\\\/springbok-kart.com\\\/#organization\"},\"potentialAction\":[{\"@type\":\"SearchAction\",\"target\":{\"@type\":\"EntryPoint\",\"urlTemplate\":\"http:\\\/\\\/springbok-kart.com\\\/?s={search_term_string}\"},\"query-input\":{\"@type\":\"PropertyValueSpecification\",\"valueRequired\":true,\"valueName\":\"search_term_string\"}}],\"inLanguage\":\"fr-FR\"},{\"@type\":\"Organization\",\"@id\":\"http:\\\/\\\/springbok-kart.com\\\/#organization\",\"name\":\"Springbok kart\",\"url\":\"http:\\\/\\\/springbok-kart.com\\\/\",\"logo\":{\"@type\":\"ImageObject\",\"inLanguage\":\"fr-FR\",\"@id\":\"http:\\\/\\\/springbok-kart.com\\\/#\\\/schema\\\/logo\\\/image\\\/\",\"url\":\"https:\\\/\\\/springbok-kart.com\\\/wp-content\\\/uploads\\\/2016\\\/01\\\/Montage-bleu_747x954.png\",\"contentUrl\":\"https:\\\/\\\/springbok-kart.com\\\/wp-content\\\/uploads\\\/2016\\\/01\\\/Montage-bleu_747x954.png\",\"width\":747,\"height\":954,\"caption\":\"Springbok kart\"},\"image\":{\"@id\":\"http:\\\/\\\/springbok-kart.com\\\/#\\\/schema\\\/logo\\\/image\\\/\"}}]}<\/script>\n<!-- \/ Yoast SEO plugin. -->","yoast_head_json":{"title":"Analyser d'amortisseurs DAQ - Springbok kart","robots":{"index":"index","follow":"follow","max-snippet":"max-snippet:-1","max-image-preview":"max-image-preview:large","max-video-preview":"max-video-preview:-1"},"canonical":"http:\/\/springbok-kart.com\/?product=analyser-damortisseurs-daq","og_locale":"fr_FR","og_type":"article","og_title":"Analyser d'amortisseurs DAQ - Springbok kart","og_description":"Kit comprenant 1 boitier \u00e9lectronique d&rsquo;interface entre le banc et votre ordinateur 1 potentiom\u00e8tre de r\u00e9glage t\u00e9l\u00e9commande \u00e0 fil 1 jauge de contrainte de 1000 kg (mesure de l&rsquo;effort) 1 CD pour le logiciel C\u00e2bles de raccordement Ce Kit permet &hellip; Continuer la lecture &rarr;","og_url":"http:\/\/springbok-kart.com\/?product=analyser-damortisseurs-daq","og_site_name":"Springbok kart","article_modified_time":"2022-09-12T07:16:13+00:00","og_image":[{"width":600,"height":284,"url":"http:\/\/springbok-kart.com\/wp-content\/uploads\/2021\/05\/Shock_prod.jpg","type":"image\/jpeg"}],"twitter_card":"summary_large_image","twitter_misc":{"Dur\u00e9e de lecture estim\u00e9e":"1 minute"},"schema":{"@context":"https:\/\/schema.org","@graph":[{"@type":"WebPage","@id":"http:\/\/springbok-kart.com\/?product=analyser-damortisseurs-daq","url":"http:\/\/springbok-kart.com\/?product=analyser-damortisseurs-daq","name":"Analyser d'amortisseurs DAQ - Springbok kart","isPartOf":{"@id":"http:\/\/springbok-kart.com\/#website"},"primaryImageOfPage":{"@id":"http:\/\/springbok-kart.com\/?product=analyser-damortisseurs-daq#primaryimage"},"image":{"@id":"http:\/\/springbok-kart.com\/?product=analyser-damortisseurs-daq#primaryimage"},"thumbnailUrl":"http:\/\/springbok-kart.com\/wp-content\/uploads\/2021\/05\/Shock_prod.jpg","datePublished":"2021-05-26T12:00:40+00:00","dateModified":"2022-09-12T07:16:13+00:00","breadcrumb":{"@id":"http:\/\/springbok-kart.com\/?product=analyser-damortisseurs-daq#breadcrumb"},"inLanguage":"fr-FR","potentialAction":[{"@type":"ReadAction","target":["http:\/\/springbok-kart.com\/?product=analyser-damortisseurs-daq"]}]},{"@type":"ImageObject","inLanguage":"fr-FR","@id":"http:\/\/springbok-kart.com\/?product=analyser-damortisseurs-daq#primaryimage","url":"http:\/\/springbok-kart.com\/wp-content\/uploads\/2021\/05\/Shock_prod.jpg","contentUrl":"http:\/\/springbok-kart.com\/wp-content\/uploads\/2021\/05\/Shock_prod.jpg","width":600,"height":284},{"@type":"BreadcrumbList","@id":"http:\/\/springbok-kart.com\/?product=analyser-damortisseurs-daq#breadcrumb","itemListElement":[{"@type":"ListItem","position":1,"name":"Accueil","item":"http:\/\/springbok-kart.com\/"},{"@type":"ListItem","position":2,"name":"Achat de composants pour votre banc de puissance","item":"https:\/\/springbok-kart.com\/?page_id=2437"},{"@type":"ListItem","position":3,"name":"Analyser d&rsquo;amortisseurs DAQ"}]},{"@type":"WebSite","@id":"http:\/\/springbok-kart.com\/#website","url":"http:\/\/springbok-kart.com\/","name":"Springbok kart","description":"","publisher":{"@id":"http:\/\/springbok-kart.com\/#organization"},"potentialAction":[{"@type":"SearchAction","target":{"@type":"EntryPoint","urlTemplate":"http:\/\/springbok-kart.com\/?s={search_term_string}"},"query-input":{"@type":"PropertyValueSpecification","valueRequired":true,"valueName":"search_term_string"}}],"inLanguage":"fr-FR"},{"@type":"Organization","@id":"http:\/\/springbok-kart.com\/#organization","name":"Springbok kart","url":"http:\/\/springbok-kart.com\/","logo":{"@type":"ImageObject","inLanguage":"fr-FR","@id":"http:\/\/springbok-kart.com\/#\/schema\/logo\/image\/","url":"https:\/\/springbok-kart.com\/wp-content\/uploads\/2016\/01\/Montage-bleu_747x954.png","contentUrl":"https:\/\/springbok-kart.com\/wp-content\/uploads\/2016\/01\/Montage-bleu_747x954.png","width":747,"height":954,"caption":"Springbok kart"},"image":{"@id":"http:\/\/springbok-kart.com\/#\/schema\/logo\/image\/"}}]}},"_links":{"self":[{"href":"http:\/\/springbok-kart.com\/index.php?rest_route=\/wp\/v2\/product\/2802","targetHints":{"allow":["GET"]}}],"collection":[{"href":"http:\/\/springbok-kart.com\/index.php?rest_route=\/wp\/v2\/product"}],"about":[{"href":"http:\/\/springbok-kart.com\/index.php?rest_route=\/wp\/v2\/types\/product"}],"replies":[{"embeddable":true,"href":"http:\/\/springbok-kart.com\/index.php?rest_route=%2Fwp%2Fv2%2Fcomments&post=2802"}],"wp:featuredmedia":[{"embeddable":true,"href":"http:\/\/springbok-kart.com\/index.php?rest_route=\/wp\/v2\/media\/2805"}],"wp:attachment":[{"href":"http:\/\/springbok-kart.com\/index.php?rest_route=%2Fwp%2Fv2%2Fmedia&parent=2802"}],"wp:term":[{"taxonomy":"product_brand","embeddable":true,"href":"http:\/\/springbok-kart.com\/index.php?rest_route=%2Fwp%2Fv2%2Fproduct_brand&post=2802"},{"taxonomy":"product_cat","embeddable":true,"href":"http:\/\/springbok-kart.com\/index.php?rest_route=%2Fwp%2Fv2%2Fproduct_cat&post=2802"},{"taxonomy":"product_tag","embeddable":true,"href":"http:\/\/springbok-kart.com\/index.php?rest_route=%2Fwp%2Fv2%2Fproduct_tag&post=2802"}],"curies":[{"name":"wp","href":"https:\/\/api.w.org\/{rel}","templated":true}]}}